
						

			
	
		

	
		
											
	
				
			
		{"id":10,"date":"2024-08-22T08:45:40","date_gmt":"2024-08-22T08:45:40","guid":{"rendered":"https:\/\/familien-oestergaard.dk\/?page_id=10"},"modified":"2025-09-16T15:37:09","modified_gmt":"2025-09-16T15:37:09","slug":"forside","status":"publish","type":"page","link":"https:\/\/familien-oestergaard.dk\/","title":{"rendered":"Tr\u00e6f 2026"},"content":{"rendered":"\n<h2 class=\"wp-block-heading has-text-align-center\">N\u00e6ste tr\u00e6f: <strong>Bliver m\u00e5ske i Slagelse? Dato f\u00f8lger<\/strong><\/h2>\n\n\n\n<h2 class=\"wp-block-heading has-text-align-center\"><\/h2>\n\n\n\n<p class=\"has-text-align-left\"><\/p>\n\n\n<div class=\"wp-block-image\">\n<figure class=\"aligncenter size-large\"><img loading=\"lazy\" decoding=\"async\" width=\"1024\" height=\"768\" src=\"https:\/\/familien-oestergaard.dk\/wp-content\/uploads\/2025\/08\/IMG_9479-2-1024x768.jpg\" alt=\"\" class=\"wp-image-538\" srcset=\"https:\/\/familien-oestergaard.dk\/wp-content\/uploads\/2025\/08\/IMG_9479-2-1024x768.jpg 1024w, https:\/\/familien-oestergaard.dk\/wp-content\/uploads\/2025\/08\/IMG_9479-2-300x225.jpg 300w, https:\/\/familien-oestergaard.dk\/wp-content\/uploads\/2025\/08\/IMG_9479-2-768x576.jpg 768w, https:\/\/familien-oestergaard.dk\/wp-content\/uploads\/2025\/08\/IMG_9479-2-1536x1152.jpg 1536w, https:\/\/familien-oestergaard.dk\/wp-content\/uploads\/2025\/08\/IMG_9479-2-2048x1536.jpg 2048w\" sizes=\"auto, (max-width: 1024px) 100vw, 1024px\" \/><\/figure><\/div>\n\n\n<div class=\"wp-block-columns is-layout-flex wp-container-core-columns-is-layout-9d6595d7 wp-block-columns-is-layout-flex\">\n<div class=\"wp-block-column is-layout-flow wp-block-column-is-layout-flow\"><\/div>\n\n\n\n<div class=\"wp-block-column is-layout-flow wp-block-column-is-layout-flow\"><\/div>\n<\/div>\n\n\n\n<div class=\"wp-block-columns is-layout-flex wp-container-core-columns-is-layout-9d6595d7 wp-block-columns-is-layout-flex\">\n<div class=\"wp-block-column is-layout-flow wp-block-column-is-layout-flow\"><\/div>\n<\/div>\n\n\n\n<div class=\"wp-block-uagb-container uagb-block-42c793d9 alignfull uagb-is-root-container\"><div class=\"uagb-container-inner-blocks-wrap\">\n<div class=\"wp-block-uagb-container uagb-block-33367236\"><\/div>\n\n\n\n<div class=\"wp-block-uagb-container uagb-block-8f044ab8\"><div id='mvcwid'style='text-align: center; color: #000000;'><h3 class='wps_visitor_title'>Antal bes\u00f8gende p\u00e5 denne hjemmeside<\/h3><div id=\"wpsvccount\"><div class=\"wps_text_glowing effect-white\">\n    \t\t\t\t\t\t<span>0<\/span>\n\t\t\t\t\t\t\t<span>0<\/span>\n\t\t\t\t\t\t\t<span>0<\/span>\n\t\t\t\t\t\t\t<span>9<\/span>\n\t\t\t\t\t\t\t<span>2<\/span>\n\t\t\t\t\t\t\t<span>1<\/span>\n\t\t\t\t\t\t\t\n\t\t\t\t\t\t<\/div><\/div>\n\t<div id=\"wpsvctable\"><div id=\"wpsvctotal\" style='text-align: center; color: #000000;'><img src='https:\/\/familien-oestergaard.dk\/wp-content\/plugins\/wps-visitor-counter\/counter\/user_total.png'> Total Users : 921<\/div><\/div><div id=\"wpsvcattribution\" style='text-align: center; color: #000000;'><small>Powered By <a href=\"https:\/\/techmix.xyz\/\" rel=\"nofollow\">WPS Visitor Counter<\/a><\/small><\/div><\/div>\n<\/div>\n\n\n\n<div class=\"wp-block-uagb-container uagb-block-59e4191a\"><\/div>\n<\/div><\/div>\n","protected":false},"excerpt":{"rendered":"<p>N\u00e6ste tr\u00e6f: Bliver m\u00e5ske i Slagelse? Dato f\u00f8lger<\/p>\n","protected":false},"author":1,"featured_media":0,"parent":0,"menu_order":0,"comment_status":"open","ping_status":"closed","template":"","meta":{"_uag_custom_page_level_css":"","footnotes":""},"class_list":["post-10","page","type-page","status-publish"],"uagb_featured_image_src":{"full":false,"thumbnail":false,"medium":false,"medium_large":false,"large":false,"1536x1536":false,"2048x2048":false},"uagb_author_info":{"display_name":"admin","author_link":"https:\/\/familien-oestergaard.dk\/?author=1"},"uagb_comment_info":1,"uagb_excerpt":"N\u00e6ste tr\u00e6f: Bliver m\u00e5ske i Slagelse? Dato f\u00f8lger","_links":{"self":[{"href":"https:\/\/familien-oestergaard.dk\/index.php?rest_route=\/wp\/v2\/pages\/10","targetHints":{"allow":["GET"]}}],"collection":[{"href":"https:\/\/familien-oestergaard.dk\/index.php?rest_route=\/wp\/v2\/pages"}],"about":[{"href":"https:\/\/familien-oestergaard.dk\/index.php?rest_route=\/wp\/v2\/types\/page"}],"author":[{"embeddable":true,"href":"https:\/\/familien-oestergaard.dk\/index.php?rest_route=\/wp\/v2\/users\/1"}],"replies":[{"embeddable":true,"href":"https:\/\/familien-oestergaard.dk\/index.php?rest_route=%2Fwp%2Fv2%2Fcomments&post=10"}],"version-history":[{"count":43,"href":"https:\/\/familien-oestergaard.dk\/index.php?rest_route=\/wp\/v2\/pages\/10\/revisions"}],"predecessor-version":[{"id":550,"href":"https:\/\/familien-oestergaard.dk\/index.php?rest_route=\/wp\/v2\/pages\/10\/revisions\/550"}],"wp:attachment":[{"href":"https:\/\/familien-oestergaard.dk\/index.php?rest_route=%2Fwp%2Fv2%2Fmedia&parent=10"}],"curies":[{"name":"wp","href":"https:\/\/api.w.org\/{rel}","templated":true}]}}