{"id":102,"date":"2024-09-11T11:15:55","date_gmt":"2024-09-11T11:15:55","guid":{"rendered":"https:\/\/familien-oestergaard.dk\/?page_id=102"},"modified":"2024-09-12T16:58:08","modified_gmt":"2024-09-12T16:58:08","slug":"randi","status":"publish","type":"page","link":"https:\/\/familien-oestergaard.dk\/?page_id=102","title":{"rendered":"Randi"},"content":{"rendered":"\n<p><strong>Randi H\u00f8je \u00d8stergaard f\u00f8dt 23. juli 1932<\/strong>&nbsp;gift 13. september 1952 med Svend Aage Lund Andersen f\u00f8dt 29. juli 1928 (d\u00f8d 2. September 2018). <\/p>\n\n\n\n<p>I dag bosiddende i Kjellerup. <\/p>\n\n\n\n<p>Sammen har de 3 b\u00f8rn:<\/p>\n\n\n\n<p>______________________________________________________________________________________________________________________________________________________________<\/p>\n\n\n\n<p><strong>Alice Lund Tinning f. Andersen f\u00f8dt 4. oktober 1953&nbsp;<\/strong>gift 12. juli 1978 med Lindsay Hamilton Tinning, f\u00f8dt 9 juli 1948. <\/p>\n\n\n\n<p>Sammen har de 2 b\u00f8rn:<\/p>\n\n\n\n<p><br><strong>Pernille Tinning<\/strong> f\u00f8dt 13. januar 1981 gift 28. august 2009 med Raul Montenegro. <\/p>\n\n\n\n<p>Sammen har de&nbsp;2 b\u00f8rn:<\/p>\n\n\n\n<ol class=\"wp-block-list\">\n<li><strong>Elliot, f\u00f8dt 21. maj 2013<\/strong><\/li>\n\n\n\n<li><strong>Theo, f\u00f8dt 30. maj 2015<\/strong><\/li>\n<\/ol>\n\n\n\n<p><\/p>\n\n\n\n<p><strong>Sophie Tinning<\/strong> f\u00f8dt 24. april 1984<\/p>\n\n\n\n<p>Har fra tidligere forhold 3 b\u00f8rn:<\/p>\n\n\n\n<ol class=\"wp-block-list\">\n<li><strong>Aston Brink Larsen, f\u00f8dt 15. januar 2009<\/strong><\/li>\n\n\n\n<li><strong>Maja Brink Larsen f\u00f8dt 7. juni 2011<\/strong><\/li>\n\n\n\n<li><strong>Smilla Brink Larsen f\u00f8dt 7. juni 2011<\/strong><\/li>\n<\/ol>\n\n\n\n<p>______________________________________________________________________________________________________________________________________________________________<\/p>\n\n\n\n<p><strong>Bodil Marie Pelle f. Andersen f\u00f8dt 8. september 1956<\/strong>&nbsp;<\/p>\n\n\n\n<p>Har fra tidligere forhold 1 barn<\/p>\n\n\n\n<ol class=\"wp-block-list\">\n<li><strong>Marie Louise Pelle f\u00f8dt 4. september 1995<\/strong><\/li>\n<\/ol>\n\n\n\n<p>______________________________________________________________________________________________________________________________________________________________<\/p>\n\n\n\n<p><strong>Lillian Lund Andersen f\u00f8dt 24. juli 1959&nbsp;gift 15. juli 2004<\/strong>&nbsp;med Jan Overgaard f\u00f8dt 1. september 1959. <\/p>\n\n\n\n<p>Sammen har de 1 barn:<\/p>\n\n\n\n<ol class=\"wp-block-list\">\n<li><strong>Ditte Overgaard f\u00f8dt 29. juni 1996<\/strong><\/li>\n<\/ol>\n\n\n\n<p>______________________________________________________________________________________________________________________________________________________________<\/p>\n","protected":false},"excerpt":{"rendered":"<p>Randi H\u00f8je \u00d8stergaard f\u00f8dt 23. juli 1932&nbsp;gift 13. september 1952 med Svend Aage Lund Andersen f\u00f8dt 29. juli 1928 (d\u00f8d 2. September 2018). I dag bosiddende i Kjellerup. Sammen har de 3 b\u00f8rn: ______________________________________________________________________________________________________________________________________________________________ Alice Lund Tinning f. Andersen f\u00f8dt 4. oktober 1953&nbsp;gift 12. juli 1978 med Lindsay Hamilton Tinning, f\u00f8dt 9 juli 1948. Sammen &#8230; <a title=\"Randi\" class=\"read-more\" href=\"https:\/\/familien-oestergaard.dk\/?page_id=102\" aria-label=\"Read more about Randi\">L\u00e6s mere <\/a><\/p>\n","protected":false},"author":2,"featured_media":0,"parent":0,"menu_order":0,"comment_status":"closed","ping_status":"closed","template":"","meta":{"_uag_custom_page_level_css":"","footnotes":""},"class_list":["post-102","page","type-page","status-publish"],"uagb_featured_image_src":{"full":false,"thumbnail":false,"medium":false,"medium_large":false,"large":false,"1536x1536":false,"2048x2048":false},"uagb_author_info":{"display_name":"Linne Dockweiler","author_link":"https:\/\/familien-oestergaard.dk\/?author=2"},"uagb_comment_info":0,"uagb_excerpt":"Randi H\u00f8je \u00d8stergaard f\u00f8dt 23. juli 1932&nbsp;gift 13. september 1952 med Svend Aage Lund Andersen f\u00f8dt 29. juli 1928 (d\u00f8d 2. September 2018). I dag bosiddende i Kjellerup. Sammen har de 3 b\u00f8rn: ______________________________________________________________________________________________________________________________________________________________ Alice Lund Tinning f. Andersen f\u00f8dt 4. oktober 1953&nbsp;gift 12. juli 1978 med Lindsay Hamilton Tinning, f\u00f8dt 9 juli 1948. Sammen&hellip;","_links":{"self":[{"href":"https:\/\/familien-oestergaard.dk\/index.php?rest_route=\/wp\/v2\/pages\/102","targetHints":{"allow":["GET"]}}],"collection":[{"href":"https:\/\/familien-oestergaard.dk\/index.php?rest_route=\/wp\/v2\/pages"}],"about":[{"href":"https:\/\/familien-oestergaard.dk\/index.php?rest_route=\/wp\/v2\/types\/page"}],"author":[{"embeddable":true,"href":"https:\/\/familien-oestergaard.dk\/index.php?rest_route=\/wp\/v2\/users\/2"}],"replies":[{"embeddable":true,"href":"https:\/\/familien-oestergaard.dk\/index.php?rest_route=%2Fwp%2Fv2%2Fcomments&post=102"}],"version-history":[{"count":3,"href":"https:\/\/familien-oestergaard.dk\/index.php?rest_route=\/wp\/v2\/pages\/102\/revisions"}],"predecessor-version":[{"id":191,"href":"https:\/\/familien-oestergaard.dk\/index.php?rest_route=\/wp\/v2\/pages\/102\/revisions\/191"}],"wp:attachment":[{"href":"https:\/\/familien-oestergaard.dk\/index.php?rest_route=%2Fwp%2Fv2%2Fmedia&parent=102"}],"curies":[{"name":"wp","href":"https:\/\/api.w.org\/{rel}","templated":true}]}}