{"id":242,"date":"2024-09-15T15:55:23","date_gmt":"2024-09-15T15:55:23","guid":{"rendered":"https:\/\/familien-oestergaard.dk\/?page_id=242"},"modified":"2024-09-15T15:55:23","modified_gmt":"2024-09-15T15:55:23","slug":"foto-2010-2019","status":"publish","type":"page","link":"https:\/\/familien-oestergaard.dk\/?page_id=242","title":{"rendered":"Foto 2010-2019"},"content":{"rendered":"\n<p>2019:<\/p>\n\n\n\n<p>Vi m\u00f8dtes 24. august hos Frank og Vibeke i Tapdrup.<\/p>\n\n\n\n<p>F\u00f8lgende 20 m\u00f8dte op:<\/p>\n\n\n\n<p>Randi og Lillian<\/p>\n\n\n\n<p>Torkill, Ragnhild, Ulla og Henning, Lars og John<\/p>\n\n\n\n<p>Birgit<\/p>\n\n\n\n<p>Knud og Lizy<\/p>\n\n\n\n<p>Grethe og Lene<\/p>\n\n\n\n<p>Kirsten, Frank, Vibeke, Sabina og Linne<\/p>\n\n\n\n<p>Karen Margrethe og Kaj<\/p>\n\n\n\n<p>2018:<\/p>\n\n\n\n<p>F\u00f8lgende&nbsp; 24 var m\u00f8dt op hos Randi i Kjellerup<\/p>\n\n\n\n<p>Randi selv, Lillian, Alice, Lindsay, Bodil, Marie Louise og Rasmus<\/p>\n\n\n\n<p>Torkill, Ragnhild, Ulla og Henning, Lars og John<\/p>\n\n\n\n<p>Birgit<\/p>\n\n\n\n<p>Knud og Lizy<\/p>\n\n\n\n<p>Grethe, Lene og Bjarne<\/p>\n\n\n\n<p>Kirsten, Frank og Linne<\/p>\n\n\n\n<p>Karen Margrethe og Kaj<\/p>\n\n\n\n<p>2017:<\/p>\n\n\n\n<p>F\u00f8lgende&nbsp; 20 var m\u00f8dt op hos John i \u00c5rhus:<\/p>\n\n\n\n<p>Randi, Lillian, Bodil<\/p>\n\n\n\n<p>Torkill, Ulla og Henning, Lars og naturligvis John selv<\/p>\n\n\n\n<p>Birgit<\/p>\n\n\n\n<p>Knud og Lizy, Anders<\/p>\n\n\n\n<p>Grethe, Carsten og Tina, Lene<\/p>\n\n\n\n<p>Kirsten, Frank og Vibeke, Linne<\/p>\n\n\n\n<p>2016:<\/p>\n\n\n\n<p>F\u00f8lgende 23 var m\u00f8dt op hos Lars og Ulla i Gren\u00e5:<\/p>\n\n\n\n<p>Kaj og Karen Margrethe<\/p>\n\n\n\n<p>Torkill og Winnie, Ulla og Henning, John, Claus og Sanne, Maja og Emma, Lars og Ulla (og Ninna med p\u00e5 Skype fra New Zealand)<\/p>\n\n\n\n<p>Birgit, &nbsp;Kristine og Sebastian<\/p>\n\n\n\n<p>Knud og Lizy<\/p>\n\n\n\n<p>Grethe<\/p>\n\n\n\n<p>Kirsten, Frank og Vibeke, Linne<\/p>\n\n\n\n<p>2015:<\/p>\n\n\n\n<p>22 glade mennesker var m\u00f8dt op hos Birgit i Ullits 29. august 2015:<br>Edith, Bo <\/p>\n\n\n\n<p>Torkill, Vinnie, John, Lars, Claus, Sanne, Ulla, Henning, <\/p>\n\n\n\n<p>Randi, Svend, Bodil, Lillian, <\/p>\n\n\n\n<p>Lizy, Knud, <\/p>\n\n\n\n<p>Birgit, Verner, <\/p>\n\n\n\n<p>Vibs, Frank, Heiner og Kirsten<\/p>\n\n\n\n<p>2014:<\/p>\n\n\n\n<p>Fremm\u00f8dte hos Kaj og Karen Margrethe i Gatten:<\/p>\n\n\n\n<p>Kaj og Karen Margrethe<br>Kaj og Grethe&nbsp;&nbsp;&nbsp;&nbsp;&nbsp;&nbsp;&nbsp;&nbsp;&nbsp;&nbsp;&nbsp;&nbsp;&nbsp;&nbsp;&nbsp;&nbsp;&nbsp;&nbsp;&nbsp;&nbsp;&nbsp;&nbsp;&nbsp;&nbsp;&nbsp;&nbsp;&nbsp;&nbsp;&nbsp;&nbsp;&nbsp;&nbsp;<br>Torkill, Klaus, John, Ulla og Henning<br>Kirsten, Heiner, Frank, Vibeke, Linne<br>Birgit<br>Knud og Lizy<br>Svend og Randi<\/p>\n\n\n\n<p>2013:<\/p>\n\n\n\n<p>Vi m\u00f8dtes hos Kirsten og Heiner i Ramsing. Eftermiddagen gik med en masse snak og spillen crocket, petangue og yatsy. Det var rigtig hyggeligt<br>21 personer valgte at deltage i \u00e5r:<br>Karen Margrethe &amp; Kaj<br>Randi &amp; Svend<br>Torkill &amp; Winni,\u00a0Ulla, Lars, John, Claus &amp; Susanne<br>Birgit<br>Knud &amp; Lizy<br>Kirsten &amp; Heiner, Frank &amp; Vibeke, Linne &amp; Alex &amp; Ida<\/p>\n\n\n\n<p>2012:<\/p>\n\n\n\n<p>Vi m\u00f8dtes i Torkill&#8217;s sommerhus i Ebeltoft. I 2012 var f\u00f8lgende familiemedlemmer til stede:<br>Torkill &amp; Winni samt Josephine, Ulla &amp; Henning, Lars, Ninna &amp; John<br>Karen Margrethe &amp; Kaj, Birgit<br>Knud &amp; Lizy, Preben, Mette, Anders &amp; Cecilie<br>Kirsten &amp; Heiner, Frank, Linne, Lukas &amp; Ida<\/p>\n\n\n\n<p>2011: Dette \u00e5r var der ingen tr\u00e6f<\/p>\n\n\n\n<p>2010:<\/p>\n\n\n\n<p>Dette \u00e5r m\u00f8dtes vi i Tjuekj\u00e6r Hytten. Det var en v\u00e6ldig hyggelig dag trods sommerregnen i perioder. Vi lavede et f\u00e6lles frokostbord, t\u00e6ndte op i grillen under halvtaget og bagefter var der b\u00e5l og snobr\u00f8d. Men John havde taget pandekagepanden med og lavede flamberede pandekager, hvis man havde lyst. Anders var hurtig til at overtage tjansen &#8211; og mange pr\u00f8vede at smage pandekage med noutella eller smarties.<\/p>\n\n\n\n<p>Dette \u00e5r fremm\u00f8dte flg.:<br>Torkill og Tove<br>Ulla og Henning<br>John<br>Randi og Svend<br>Knud og Lizy<br>Preben, Mette, Anders, Pernille, Henriette og Cecilie<br>Birgit<br>Grethe og Kaj<br>Kirsten<br>Frank og Vibeke<br>Alex, Linne, Lukas og Ida<\/p>\n\n\n\n<p>Ialt 25 personer<\/p>\n","protected":false},"excerpt":{"rendered":"<p>2019: Vi m\u00f8dtes 24. august hos Frank og Vibeke i Tapdrup. F\u00f8lgende 20 m\u00f8dte op: Randi og Lillian Torkill, Ragnhild, Ulla og Henning, Lars og John Birgit Knud og Lizy Grethe og Lene Kirsten, Frank, Vibeke, Sabina og Linne Karen Margrethe og Kaj 2018: F\u00f8lgende&nbsp; 24 var m\u00f8dt op hos Randi i Kjellerup Randi selv, &#8230; <a title=\"Foto 2010-2019\" class=\"read-more\" href=\"https:\/\/familien-oestergaard.dk\/?page_id=242\" aria-label=\"Read more about Foto 2010-2019\">L\u00e6s mere <\/a><\/p>\n","protected":false},"author":2,"featured_media":0,"parent":0,"menu_order":0,"comment_status":"closed","ping_status":"closed","template":"","meta":{"_uag_custom_page_level_css":"","footnotes":""},"class_list":["post-242","page","type-page","status-publish"],"uagb_featured_image_src":{"full":false,"thumbnail":false,"medium":false,"medium_large":false,"large":false,"1536x1536":false,"2048x2048":false},"uagb_author_info":{"display_name":"Linne Dockweiler","author_link":"https:\/\/familien-oestergaard.dk\/?author=2"},"uagb_comment_info":0,"uagb_excerpt":"2019: Vi m\u00f8dtes 24. august hos Frank og Vibeke i Tapdrup. F\u00f8lgende 20 m\u00f8dte op: Randi og Lillian Torkill, Ragnhild, Ulla og Henning, Lars og John Birgit Knud og Lizy Grethe og Lene Kirsten, Frank, Vibeke, Sabina og Linne Karen Margrethe og Kaj 2018: F\u00f8lgende&nbsp; 24 var m\u00f8dt op hos Randi i Kjellerup Randi selv,&hellip;","_links":{"self":[{"href":"https:\/\/familien-oestergaard.dk\/index.php?rest_route=\/wp\/v2\/pages\/242","targetHints":{"allow":["GET"]}}],"collection":[{"href":"https:\/\/familien-oestergaard.dk\/index.php?rest_route=\/wp\/v2\/pages"}],"about":[{"href":"https:\/\/familien-oestergaard.dk\/index.php?rest_route=\/wp\/v2\/types\/page"}],"author":[{"embeddable":true,"href":"https:\/\/familien-oestergaard.dk\/index.php?rest_route=\/wp\/v2\/users\/2"}],"replies":[{"embeddable":true,"href":"https:\/\/familien-oestergaard.dk\/index.php?rest_route=%2Fwp%2Fv2%2Fcomments&post=242"}],"version-history":[{"count":1,"href":"https:\/\/familien-oestergaard.dk\/index.php?rest_route=\/wp\/v2\/pages\/242\/revisions"}],"predecessor-version":[{"id":244,"href":"https:\/\/familien-oestergaard.dk\/index.php?rest_route=\/wp\/v2\/pages\/242\/revisions\/244"}],"wp:attachment":[{"href":"https:\/\/familien-oestergaard.dk\/index.php?rest_route=%2Fwp%2Fv2%2Fmedia&parent=242"}],"curies":[{"name":"wp","href":"https:\/\/api.w.org\/{rel}","templated":true}]}}